0*n + 8, -4*f + 4*n - q = 0. Suppose -24 = 6*m - f*m. Calculate v(m).
6
Let u(g) = g**3 + 3*g**2 + g. Suppose 5*k = 386 - 71. Let m = 61 - k. What is u(m)?
2
Let j(a) = 2*a + 5. Let o(y) = y**3 - 9*y + 7. Let r be o(3). Suppose r*n + 16 = 3*n. Calculate j(n).
-3
Let h be 3/((-17)/((-255)/9)). Let n(x) = x - 9. Calculate n(h).
-4
Suppose -5*l + 10*l + 20 = 0. Let v(o) be the first derivative of -o**2/2 - o - 34. Determine v(l).
3
Let s(c) be the second derivative of -c**5/20 - 7*c**4/12 - c**3/6 - c**2/2 - 114*c. Give s(-6).
-31
Let u(h) = h. Let z = 33 + -31. Let n be 4/(-3)*9/z. Calculate u(n).
-6
Let l = 703 + -703. Let i(z) be the first derivative of 0*z - 1/4*z**4 - 1/2*z**2 + l*z**3 + 10. What is i(-1)?
2
Let v(y) = y**2 + 2*y. Let c(w) = -2*w - 6. Let q be c(5). Let d be ((-12)/(-9))/(17/(-153)). Let z = q - d. Give v(z).
8
Let o(p) = p**2 - 11*p + 7. Suppose -48 = 80*u - 88*u. Calculate o(u).
-23
Let b(y) = -7*y + 2. Let v(d) = 2*d + 1. Let l(u) = b(u) + 3*v(u). Determine l(7).
-2
Suppose -v = v. Suppose v = 2*z + 2 - 12. Let a(m) = m - 6. Give a(z).
-1
Let t(c) be the third derivative of c**7/5040 - c**6/360 + 17*c**5/30 + 5*c**2. Let i(g) be the third derivative of t(g). Determine i(-2).
-4
Let m(g) = -10*g - 25. Let t be m(-5). Let l be (-155)/t + (-1)/(-5). Let y(n) = -n - 6. Give y(l).
0
Let h(a) = a**3 - a - 6. Let o(j) = -7*j + j - j - j**2 - 10. Let p be o(-5). What is h(p)?
-6
Let r be 36/45 + -6 + 483/90. Let j(h) be the second derivative of 4*h + 0 + 3*h**2 + r*h**3. Give j(-3).
3
Let f(s) = -s**3 + 4*s**2 + 4*s - 4. Let n be (-24)/(-132) - 62/(-22). Suppose 4*u + 2*w = n*u + 12, -3*w = -5*u + 8. Determine f(u).
12
Let h = -5 + 0. Let g(m) = -489 - 494 - m + 983. What is g(h)?
5
Suppose 4*f = -4*s - 12, -1 = -3*s - 13. Suppose k + 2*b = 0, 5 + f = 2*k + b. Let g(q) = q**2 - 6*q + 6. What is g(k)?
-2
Let r(s) = 4*s**2 + 16*s + 20. Let w(i) = -3*i**2 - 16*i - 21. Let m(t) = -4*r(t) - 5*w(t). Let l be m(17). Let u(y) = y**2 - 6*y - 8. Calculate u(l).
8
Let n(t) = -13*t**3 - 13*t**2 + 16*t + 31. Let x(z) = -2*z**3 + z**2 - z - 1. Let o(i) = -n(i) + 6*x(i). Calculate o(-20).
3
Let x(g) = 1. Let c(i) be the third derivative of i**4/24 - 2*i**3/3 + 12*i**2. Let p(w) = -2*c(w) - 6*x(w). What is p(-7)?
16
Let w be (7 + -6)/((-1)/(-2)). Let x(s) = w*s**2 - 105*s + 50*s + 3 - 7 + 56*s. Calculate x(-3).
11
Let b be (-93)/(-24)*2*-4. Let i = -29 - b. Let w(l) = 6*l**2 - l**3 + i*l**3 - 7 - 4*l + 0*l - 4*l. What is w(-7)?
0
Suppose 37*i - 41*i = 0. Suppose -39*j + 36*j + 9 = i. Let k(b) = -b - 1. Calculate k(j).
-4
Let o(z) = 4*z - 9. Let q be o(4). Let f be (-8)/5 + q/((-210)/12). Let h(r) = r**3 + r**2 - 2*r - 2. What is h(f)?
-2
Suppose 0 = 57*i - 10 + 67. Let o(t) = 4*t**2 - 5*t - 5. Let l(v) = 2*v**2 - 3*v - 3. Let d(s) = 5*l(s) - 3*o(s). Give d(i).
-2
Suppose -3*y + 4*v = -0*y - 12, 0 = 2*y - 5*v - 1. Suppose 5*b - y - 12 = 0. Let i(l) = -6 - 5*l + 14*l - l - 7*l. Determine i(b).
-2
Let p(h) = 12*h**2 + h + 1. Suppose 2*i - 4 = 2*c + 3*i, 2*c + 10 = -4*i. Give p(c).
12
Let l(z) = -z + 17. Let o(x) = 2*x**2 - 8*x - 76. Let j be o(-5). Calculate l(j).
3
Let g(q) = 4*q + 10. Let b(o) = -5*o - 12. Let u(h) = 5*b(h) + 6*g(h). Determine u(-3).
3
Let r(o) = 5*o - 4. Suppose 3*f - 3 = 3. Let m be r(f). Let p(z) = 10 + 63*z - 32*z - 3 - 32*z. What is p(m)?
1
Let u = 22 - 19. Let y = u - 3. Let c(k) = -3 - 2 + 2 - 2*k + 3*k. What is c(y)?
-3
Let f(m) = m**2 + 11*m - 1. Let u be f(-8). Let a = -17 - u. Let p = -3 + a. Let t(j) = -j - 6. Give t(p).
-11
Let d(f) = -15*f + 20*f + 27 - 26. What is d(-2)?
-9
Let m(x) be the first derivative of -x**3 - 4*x**2 - 3*x - 122. Calculate m(-5).
-38
Suppose 5*o + 0 = -3*y + 14, 2*y + 8 = o. Let n(l) = 37*l + 12. Let u(d) = -11*d - 4. Let m(f) = -3*n(f) - 10*u(f). Determine m(o).
0
Let w(c) = -70 - 5*c**3 + 11*c**3 - 5*c**2 - 7*c**3 + 74. Determine w(-5).
4
Let m = -10 - -2. Let r(s) be the third derivative of -s**5/60 - s**4/4 + 11*s**3/6 + 14*s**2. Determine r(m).
-5
Let h(m) = -m**3 - 2*m**2 - m - 1. Let y(c) = c**3 - 9*c**2 - 9*c + 9. Let a(v) = 2*h(v) + y(v). What is a(-12)?
-5
Suppose -2*f = 3*f - 20. Suppose 2*y = 10 - f. Let w(r) = 3*r**2 - 5*r + 4. Give w(y).
16
Let i(q) = -5*q - 1. Suppose -s - 1 = -3. Suppose 3*z - s*j = -j + 6, 0 = 2*z + j + 1. Calculate i(z).
-6
Let u(v) = -v**3 - 28*v**2 + 1. Let z be u(-28). Let i(x) = 1 + 0*x + 2*x + 0 - 2. What is i(z)?
1
Suppose -2*w + 0 = -4. Let m(c) = -1 - 4*c + 2*c**w - 7*c**2 + 3*c**2. Suppose j = -5*r + 2, 3*j + 0*r = r - 10. Give m(j).
-7
Let a(u) be the first derivative of u**2/2 + 4*u - 82. What is a(3)?
7
Let r be (18/(-14) - -1)*-7. Let y be (r/(-3))/((-14)/63). Let x(j) = -2*j - 4 + 0 - 2 + 4. Calculate x(y).
-8
Let u be (-4)/(-6) + (-4)/6. Let w(b) be the second derivative of 0 - 3/2*b**2 - 1/6*b**3 - 14*b. Calculate w(u).
-3
Let k(s) = -s**2 + 4*s + 5. Let z = 19 + -15. Suppose 3 - z = -f. Let y be (-12)/(4/(-1)) + f. Calculate k(y).
5
Let b = -6131/24 + 511/2. Let p(v) be the third derivative of -b*v**4 - 5/3*v**3 - 8*v**2 + 0*v + 0. Give p(-6).
-4
Let o(v) = v + 4*v + 8 - 4*v. Let h = 797 + -803. Determine o(h).
2
Let v(b) = -b**3 + 7*b**2 + 7*b + 9. Let o(q) = q**3 - 8*q**2 - 8*q - 4. Let a be o(9). Suppose 43 = -a*p + 83. Give v(p).
1
Suppose 0 = -4*t - 19*n + 20*n, -3*t + 2*n = 0. Let d(h) = h**3 + h**2 + 2. Give d(t).
2
Let m(u) = -6*u + 0*u - 13 + 34 - 14 - u**2. Give m(-7).
0
Let q(v) be the third derivative of v**4/6 + 4*v**3 - 103*v**2 - 2*v. Calculate q(-8).
-8
Let y(o) be the third derivative of 0*o + 7*o**2 + 0 + 1/8*o**4 - 1/60*o**5 + 0*o**3. What is y(-3)?
-18
Let w(f) = -4 + 0 + 5*f + 5. Let q(a) = 2*a + 2*a - 16 - 3*a. Let g be q(17). Determine w(g).
6
Let k be (-108)/132 - (-2)/(-11). Let t be ((-20)/(-2))/(2 - (0 - k)). Let b(s) = -s**3 + 11*s**2 - 10*s + 1. Give b(t).
1
Suppose -3*t = -g + 82, 0 = 4*g - t - 365 + 81. Let j = -65 + g. Let i(q) = -q**2 + 9*q + 1. Give i(j).
21
Let l(o) = -4 - 2*o + 54*o**2 - 51*o**2 + 5. Let t be l(1). Let v(w) = -10 - w + t + 4. What is v(5)?
-9
Let s(f) = 4*f**3 + f**2 - 2*f + 1. Let o = -242 + 236. Let z(a) be the first derivative of -a**2/2 - 5*a + 1. Let b be z(o). What is s(b)?
4
Let g be 7 + -8 + 6 + 0. Let r(v) = g - 4*v - 8 - 7*v**2 - 4*v + 8*v**2. What is r(9)?
6
Suppose 3*t = -3*q + 2*t + 1, -2*q = -4*t + 18. Let j(d) = -4*d - 1. Calculate j(q).
3
Let j(y) = y**2 + 6*y + 4. Let m(b) = -2*b**2 - 12*b - 8. Suppose 4*w - 7 - 17 = 0. Let l(r) = w*m(r) + 11*j(r). Give l(-3).
5
Let t(j) = 11*j**2 + 11*j - 11. Let i(w) = -4*w**2 - 4*w + 4. Let k(z) = 8*i(z) + 3*t(z). Determine k(-2).
1
Let c(j) = 4*j**3 - 21*j**2 - 4*j - 3. Let z(b) = -b**3 + 5*b**2 + b + 1. Let p(r) = -4*c(r) - 15*z(r). Determine p(9).
6
Let o(s) = -s**3 + 1. Let z(q) = 3*q**2 - 4*q - 3. Let c(d) = -o(d) + z(d). What is c(-4)?
-4
Let l(w) be the second derivative of -2*w**3/3 - 5*w**2/2 + 57*w. Give l(-4).
11
Let g(b) = -4*b**2 - b - 2. Let z(r) = 2*r**2 + 1. Let l(n) = 2*g(n) + 5*z(n). Let w be 4/6 + 16/48. Determine l(w).
1
Let k be (-63)/(-6)*(8 + (-288)/42). Let n(q) = -2*q**2 + 25*q - 16. Give n(k).
-4
Let c(z) = z**3 - 1. Let f(m) = 8*m**3 - 2*m + 5. Let u(x) = -4*c(x) - f(x). Calculate u(1).
-11
Let v(c) be the first derivative of 4*c**2 - c - 8. Let a be 66/(-44)*(-4)/(-6). Calculate v(a).
-9
Let w(l) be the first derivative of -1/2*l**3 - 2*l**2 + 1 - 1/60*l**5 + 0*l + 1/6*l**4. Let i(y) be the second derivative of w(y). Determine i(4).
-3
Let g(w) = -20 + 8 - w - 5*w - 18. Let t be g(-5). Let b(z) = z**3 + z. Calculate b(t).
0
Let d(g) be the second derivative of -g**6/360 - g**5/60 + g**4/12 + 41*g**3/6 + 16*g. Let m(n) be the second derivative of d(n). Give m(-2).
2
Let k(o) be the first derivative of 2*o**2 - 5*o - 15. Let j(g) = -3*g + 5. Let a(q) = -5*j(q) - 4*k(q). Determine a(-4).
-1
Let v(g) = 26*g**3 + g + 381*g**2 - 381*g**2 - 1. Calculate v(1).
26
Suppose -5 - 100 = 21*t. Let r(b) = b**3 + 3*b**2 + 4. Calculate r(t).
-46
Let g(h) = 2*h + 5. Let y be g(-5). Let c(k) = 452 - 2*k - 919 + 462. What is c(y)?
5
Let x(a) be the second derivative of 7*a**4/6 - 5*a**3/6 + 3*a**2/2 + 640*a. Give x(1).
12
Let u(f) = f**2 - 8*f + 9. Let p be u(7). Let i(t) = 1 - t**p + 3*t**3 + 0*t**3 + 2*t**3. Let h(b) = 1